n + 21 = 0, 0 = 4*w - 2*w + n + 3. Let l(b) = -b**3 + 6*b - w + 4*b**2 - 6*b. Calculate l(a).
8
Let s(k) = k - 2. Let t(n) = -n**2 + 2*n - 1. Suppose 5*h + 25 = 5*d, 4*d - 2*h = 1 + 11. Let i be t(d). Determine s(i).
-2
Let k = 19 + -23. Let i(x) = x**3 + 3*x**2 - 3*x + 5. What is i(k)?
1
Let i(z) = 5*z - z**3 + 5*z**2 + 5 - 3*z - 4*z. Let y(m) = -15*m - 145. Let q be y(-10). Give i(q).
-5
Let y(m) = m**3 + 5*m**2 + 4*m + 6. Let l be y(-4). Let q(o) = -3*o - o - 5 + 14 + o. What is q(l)?
-9
Let s(h) = h**2 - 2*h - 4. Let u(x) = x**3 - 4*x**2 - 5*x - 3. Suppose 4*q = 12 + 8. Let y be u(q). Let l(k) = -k**2 - 3*k + 4. Let t be l(y). Calculate s(t).
4
Let a(m) be the first derivative of 7 - 4*m + 1/3*m**3 - 3/2*m**2. Determine a(4).
0
Let k(h) be the third derivative of 0 - 2*h**2 - 1/2*h**3 + 0*h - 1/12*h**4. What is k(-4)?
5
Let s be (0 + 3)*(-2)/3. Let a(q) be the third derivative of 0*q + 1/8*q**4 + 2*q**2 + 0 + 1/60*q**5 - 1/6*q**3. Give a(s).
-3
Let t(r) be the first derivative of r**4/4 + 5*r**3/3 - r**2/2 + r + 5. Let b be t(-5). Let l(f) = f**2 - 7*f. Give l(b).
-6
Let k(v) be the second derivative of 3*v**5/10 - v**4/12 + v**3/3 - v**2/2 + 3*v. Let d be k(1). Let i(a) = 4 - 3 - d*a**2 + 5*a**2 + 0*a**2. What is i(2)?
-3
Let u be 1*(4 + (-2)/1). Suppose u*d - 10 = 5*d + 4*c, -5*d - 14 = 4*c. Let r = d + 3. Let q(j) = -12*j + 1. What is q(r)?
-11
Let q = 38 + -36. Let m(k) be the first derivative of 3*k**q - 1/3*k**3 - 3*k - 2. Calculate m(4).
5
Let j(m) = -m**3 - 10*m**2 - 12*m + 8. Suppose 0 = 2*t + 11 + 7. What is j(t)?
35
Let c(l) = l**3 + l**2 - 10*l + 6. Let z(d) = -d**3 + 9*d - 6. Let t(p) = -6*c(p) - 7*z(p). Determine t(6).
-12
Let b(g) = -g + 5. Let w(f) = 2*f + 8. Let n be w(0). Suppose 0 = -6*h + 4*h + n. Calculate b(h).
1
Let s(a) = -5*a - 1 + 5*a**2 - 2*a**2 - a**2 + 3*a. Let i(u) be the second derivative of u**3/6 + 5*u**2/2 - u. Let p be i(-3). Calculate s(p).
3
Let f(q) be the second derivative of -3/2*q**2 + q + 0 - 5/6*q**3 + 1/24*q**4. Let u(t) be the first derivative of f(t). Give u(0).
-5
Let m(g) = g**2 + 8*g + 7. Let y be (-8)/(-10)*75/(-10). Give m(y).
-5
Let c = 1 + 1. Let b(s) = -3*s**c + 9*s**3 + 2*s**2 + s - s**2. Let w be ((-4)/3)/((-32)/24). Calculate b(w).
8
Let x(h) = h**2 - 5*h. Let l(v) be the second derivative of -v**5/20 - v**4/3 - v**3/6 + v**2 + v. Let c be l(-4). Suppose c + 9 = 3*s. Determine x(s).
0
Let h(b) = -b**3 + 6*b**2 - 7*b + 5. Let f be h(4). Let c(l) = -16 + f - l + 6*l + 4. Give c(3).
12
Let t(r) = -2*r + 6*r**2 - r**2 - 2*r**3 - 1 + 2 + 0*r. What is t(3)?
-14
Let z be 80/14 + 4/14. Let t(k) = -3*k**2 - 2 - 6*k + 4*k**2 + 1. What is t(z)?
-1
Let q(w) = -580*w**2 + 560*w**2 + 0*w + w. Calculate q(1).
-19
Suppose -9 = -2*b + k, 4*b = -6*k + 3*k + 3. Let r(j) = -1 - 4*j + 2 - j**2 + 2*j**2. Calculate r(b).
-2
Let j(m) = -3*m**2 - 2*m**2 - 21 + 2*m**2 + 4*m - 15. Let z(v) = -2*v**2 + 3*v - 24. Let h(t) = 5*j(t) - 7*z(t). Give h(0).
-12
Let g(z) = -z**3 - z**2 + z. Let s(h) = 10*h**2 + 13 - 8 - 5*h + 6*h**3 - h**2. Let c(y) = 5*g(y) + s(y). What is c(-4)?
5
Let z(h) = -11*h**2 + 10*h + 4. Let t(k) = 5*k**2 - 5*k - 2. Let j(v) = -9*t(v) - 4*z(v). Calculate j(4).
6
Let m(u) = -u**2 - 21*u + 4. Let p be m(-21). Let h(s) be the third derivative of 0 + 1/6*s**3 + 1/24*s**p + 3*s**2 + 0*s. Give h(4).
5
Let u(s) = -s**2 + 7*s - 5. Let v be u(6). Let m = v - 0. Let c(h) = -11*h**2 - h + 1. Give c(m).
-11
Let i(t) = -3*t. Let k(c) = -c**3 + 7. Let m be k(0). Suppose -m*h + 3*h = -16. What is i(h)?
-12
Let i(l) = l**3 - 4*l**2 + 2*l + 1. Suppose -6 = z - 9. Suppose -p + z = -0*p. Determine i(p).
-2
Let l(q) = -11*q**2 + 4*q + 20. Let a(b) = -4*b**2 + b + 7. Let h(r) = -8*a(r) + 3*l(r). What is h(4)?
4
Let y(r) = 2*r - 5. Let z be y(4). Let a(x) = 7*x**3 - 2*x**3 + 1 + 1 - x - z. Give a(-1).
-5
Let g(b) = b**3 - 3*b**2 - 5*b + 4. Let r be g(4). Let y(v) be the second derivative of v**3/6 - 3*v**2/2 - 4*v. Determine y(r).
-3
Suppose 2*d = -r + 3, -2*d + 3 = -3*r + 12. Let m(n) = -n + r + 1 - 3. Suppose 0*y - 15 = 3*y. What is m(y)?
6
Suppose 35 = -5*m - 5*t, 0 = 4*m + 5*t + 41 - 12. Let l(g) = g**2 + 5*g + 1. Give l(m).
7
Let g(m) = 7*m**3 - 11*m**2 + 7*m + 2. Let p(q) = -3*q**3 + 5*q**2 - 3*q - 1. Let a(u) = 4*g(u) + 9*p(u). Let s = 6 + -11. Let f = s - -3. Give a(f).
-7
Let o(h) = -h**3 - 3*h**2 - 2. Let b be o(-3). Let i(t) = -2*t + 6*t - 3*t. Determine i(b).
-2
Suppose -135 = -6*p - 153. Let g(k) = k + 0*k + k. Give g(p).
-6
Let x(q) = 3*q - 3*q**2 + 4*q**2 - 1 - q - 4*q**2. Determine x(1).
-2
Let l(s) = 3*s**3 - s**2 - 2. Let p(b) = -7*b**3 + 2*b**2 + 5. Let o(j) = 5*l(j) + 2*p(j). Suppose -2*m + 4*m = 6. Suppose -2*g = -m*g. What is o(g)?
0
Let v(h) = -2 + h + 1 - 6*h**3 + 2 + 0. Suppose 3 = -4*t + 5*t. Let l = 2 - t. Give v(l).
6
Let o(b) = -3*b**3 + b**2 - 1. Let j be 6/18 + (-22)/3. Let q be 9/(-7) + (-2)/j. Calculate o(q).
3
Let t(d) be the second derivative of d**4/12 + d**3/3 + 3*d**2/2 + 19*d. Calculate t(-4).
11
Suppose 0*y - 2*y = 0. Suppose -a + 3*a - 22 = 4*t, 5 = a. Let v(k) = -4*k - 3. Let f(q) = 7*q + 6. Let r(p) = t*f(p) - 5*v(p). Calculate r(y).
-3
Suppose -y = 3*y - 20. Let t be (-10)/(-2)*2/y. Let r(g) = -5*g**2 + 2*g**2 - 1 + 4*g**t + g. Determine r(1).
1
Let q be 3/12 - (-22)/8. Suppose -2*i = q*i + 25. Let h(r) = r**3 + 5*r**2 - 2*r - 7. Give h(i).
3
Let k(f) = -6*f + f + 3*f + 3*f + 2. Let t = -3 + 3. Calculate k(t).
2
Let l(g) = g**2 + 4*g - 1. Let j(n) = -5 + 18*n**3 - 19*n**3 - 14*n**2 - n - 13. Let p be j(-14). Give l(p).
-1
Let f(u) = -10 - u**2 + 5*u + 7 + 2 + 7. Calculate f(6).
0
Let o(u) = u**2 + 10*u - 7. Let k be o(-11). Let f(r) = -1 + 2*r + k + 1 + 0*r. Let w be 4*2/6*-3. Give f(w).
-4
Let z = -269/2 - -138. Let r(d) be the first derivative of -1/3*d**3 + 1 - z*d**2 - 3*d. Calculate r(-5).
7
Let k(d) = 7*d**2 - 5*d - 1. Let q(m) = -8*m**2 + 6*m + 1. Suppose 0 = u + 4*u + 30. Let s(v) = u*k(v) - 5*q(v). Let y = 11 - 13. What is s(y)?
-7
Let h = 0 + -6. Let p(j) = -j. Give p(h).
6
Let y(u) = u - u - 6 - u. Let r = -5 + 5. Determine y(r).
-6
Let k be ((-2)/1)/1*(-6)/4. Let g(m) = -m**3 + 2*m**2 + 2. Determine g(k).
-7
Let n(d) = -4*d + 2. Suppose -3*k + 4*z = -31, -2*k + 3*z - 10 = -31. Suppose -2*m = m - k. Calculate n(m).
-10
Let x(f) = -f**3 - 4*f**2 - 3*f - 1. Let a be x(-3). Let t be 5/a + (-2)/(-2). Let l(q) = q**3 + 5*q**2 + 2*q - 4. Determine l(t).
4
Suppose f - 105 = -4*f. Suppose -5*j + f = 6. Let b(s) = -s**3 + 4*s**2 - 5*s + 4. Let v(k) = k - 1. Let d(o) = b(o) + v(o). Determine d(j).
0
Suppose -4*k - 2 = -5*k. Let u(r) = -r - 2*r + 4 + r**2 - k. Calculate u(4).
6
Let d(c) = c**2 - c**3 + c**2 + 0*c**2 + 2*c**3. What is d(-2)?
0
Let h(i) = -5*i**2 - 20*i + 7. Let v be h(-4). Let g(x) = -x + 5. Calculate g(v).
-2
Suppose -2*y = y + 15. Let o(z) = -3*z**2 + 7*z - 7. Let a(d) be the second derivative of d**4/12 - d**3/6 - 3*d. Let h(l) = -4*a(l) - o(l). Determine h(y).
-3
Let r(b) = -b**2 + 4*b - 8. Let i be r(3). Let o(h) = h**3 + 5*h**2 - h - 7. What is o(i)?
-2
Let x(v) = v**3 - 7*v**2 + 9*v + 3. Let z(y) = -y**3 + 7*y**2 - 10*y - 2. Let f(h) = -4*x(h) - 3*z(h). Suppose 27*u - 37*u = -60. Give f(u).
-6
Let h(q) be the second derivative of -1/6*q**3 - 9/2*q**2 + q + 0. What is h(-4)?
-5
Let w(q) = -q**2 - 6*q + 4. Let x be 2 + 10 - (-3 + 1). Suppose -2*b = -2 + x. What is w(b)?
4
Let b(m) = -m**3 - 14*m**2 - 14*m - 11. Let h be b(-13). Let y(w) = -4*w + 5 + h*w - 4. What is y(-1)?
3
Let z(w) = 1 - 3 + 2 + w**2 + w**3 + w. Let f be z(-2). Let g be (-42)/10 + f/(-30). Let r(v) = -2*v + 1. Calculate r(g).
9
Suppose 4*c - 5 = -c. Suppose -p + 5*q + c = -3*p, -34 = -4*p + 2*q. Let f(d) = d**3 - 6*d**2 - 9*d + 9. Give f(p).
-5
Suppose -3*a = -w - w - 19, -4*w + 2 = 2*a. Let b be ((-24)/9)/(w/3). Let t(d) = -5*d - 5. Let l(c) = 9*c + 9. Let p(x) = -4*l(x) - 7*t(x). What is p(b)?
-5
Let b(f) = -f**3 - 3*f**2 + f. Let s be b(-3). Let p = s - -7. Let a(j) = 2*j + 3 - 2 - 2 - j**2 - 2. Give a(p).
-11
Let o(y) = y**3 + 3*y**2 - 3*y + 4. Suppose -3*f - 17 = -4*g, -5*g = -4*f - 15 - 5. Let p be ((-1)/1)/(0 - 1). Let d be ((-5)/10)/(p/g). Determine o(d).
0
Let n = -2 + 4. Suppose 0 = -2*t - 3*p + n*p - 7, -4*t - 24 = 4*p. Let w(q) = 6*q**2 + 2*q**2 + 1 + q - 2*q**2. W